{"id":7006,"date":"2023-07-03T12:00:48","date_gmt":"2023-07-03T12:00:48","guid":{"rendered":"http:\/\/www.lindademeyer.be\/wordpress\/?page_id=7006"},"modified":"2024-11-26T14:51:06","modified_gmt":"2024-11-26T14:51:06","slug":"indonesie","status":"publish","type":"page","link":"http:\/\/www.lindademeyer.be\/wordpress\/indonesie\/","title":{"rendered":"Indonesi\u00eb"},"content":{"rendered":"\t\t<div data-elementor-type=\"wp-page\" data-elementor-id=\"7006\" class=\"elementor elementor-7006\">\n\t\t\t\t\t\t<div class=\"elementor-inner\">\n\t\t\t\t<div class=\"elementor-section-wrap\">\n\t\t\t\t\t\t\t\t\t<section class=\"elementor-section elementor-top-section elementor-element elementor-element-491fab8f elementor-section-boxed elementor-section-height-default elementor-section-height-default\" data-id=\"491fab8f\" data-element_type=\"section\">\n\t\t\t\t\t\t<div class=\"elementor-container elementor-column-gap-default\">\n\t\t\t\t\t\t\t<div class=\"elementor-row\">\n\t\t\t\t\t<div class=\"elementor-column elementor-col-100 elementor-top-column elementor-element elementor-element-7c15fd62\" data-id=\"7c15fd62\" data-element_type=\"column\">\n\t\t\t<div class=\"elementor-column-wrap\">\n\t\t\t\t\t\t\t<div class=\"elementor-widget-wrap\">\n\t\t\t\t\t\t\t\t<\/div>\n\t\t\t\t\t<\/div>\n\t\t<\/div>\n\t\t\t\t\t\t\t\t<\/div>\n\t\t\t\t\t<\/div>\n\t\t<\/section>\n\t\t\t\t<section class=\"elementor-section elementor-top-section elementor-element elementor-element-50ee332b elementor-section-full_width elementor-section-height-default elementor-section-height-default\" data-id=\"50ee332b\" data-element_type=\"section\">\n\t\t\t\t\t\t<div class=\"elementor-container elementor-column-gap-default\">\n\t\t\t\t\t\t\t<div class=\"elementor-row\">\n\t\t\t\t\t<div class=\"elementor-column elementor-col-100 elementor-top-column elementor-element elementor-element-5639536c\" data-id=\"5639536c\" data-element_type=\"column\">\n\t\t\t<div class=\"elementor-column-wrap elementor-element-populated\">\n\t\t\t\t\t\t\t<div class=\"elementor-widget-wrap\">\n\t\t\t\t\t\t<div class=\"elementor-element elementor-element-44757a11 elementor-widget__width-inherit elementor-widget elementor-widget-image\" data-id=\"44757a11\" data-element_type=\"widget\" data-widget_type=\"image.default\">\n\t\t\t\t<div class=\"elementor-widget-container\">\n\t\t\t\t\t\t\t\t<div class=\"elementor-image\">\n\t\t\t\t\t\t\t\t\t\t\t\t<img width=\"1930\" height=\"931\" src=\"http:\/\/www.lindademeyer.be\/wordpress\/wp-content\/uploads\/2024\/11\/EBBBFF08-EF37-49B4-8EE3-E0C1953A5CE4-e1732632643396.jpg\" class=\"attachment-full size-full\" alt=\"\" loading=\"lazy\" srcset=\"http:\/\/www.lindademeyer.be\/wordpress\/wp-content\/uploads\/2024\/11\/EBBBFF08-EF37-49B4-8EE3-E0C1953A5CE4-e1732632643396.jpg 1930w, http:\/\/www.lindademeyer.be\/wordpress\/wp-content\/uploads\/2024\/11\/EBBBFF08-EF37-49B4-8EE3-E0C1953A5CE4-e1732632643396-300x145.jpg 300w, http:\/\/www.lindademeyer.be\/wordpress\/wp-content\/uploads\/2024\/11\/EBBBFF08-EF37-49B4-8EE3-E0C1953A5CE4-e1732632643396-1024x494.jpg 1024w, http:\/\/www.lindademeyer.be\/wordpress\/wp-content\/uploads\/2024\/11\/EBBBFF08-EF37-49B4-8EE3-E0C1953A5CE4-e1732632643396-768x370.jpg 768w, http:\/\/www.lindademeyer.be\/wordpress\/wp-content\/uploads\/2024\/11\/EBBBFF08-EF37-49B4-8EE3-E0C1953A5CE4-e1732632643396-1536x741.jpg 1536w, http:\/\/www.lindademeyer.be\/wordpress\/wp-content\/uploads\/2024\/11\/EBBBFF08-EF37-49B4-8EE3-E0C1953A5CE4-e1732632643396-500x241.jpg 500w, http:\/\/www.lindademeyer.be\/wordpress\/wp-content\/uploads\/2024\/11\/EBBBFF08-EF37-49B4-8EE3-E0C1953A5CE4-e1732632643396-800x386.jpg 800w, http:\/\/www.lindademeyer.be\/wordpress\/wp-content\/uploads\/2024\/11\/EBBBFF08-EF37-49B4-8EE3-E0C1953A5CE4-e1732632643396-1280x617.jpg 1280w, http:\/\/www.lindademeyer.be\/wordpress\/wp-content\/uploads\/2024\/11\/EBBBFF08-EF37-49B4-8EE3-E0C1953A5CE4-e1732632643396-1920x926.jpg 1920w\" sizes=\"(max-width: 1930px) 100vw, 1930px\" \/>\t\t\t\t\t\t\t\t\t\t\t\t\t\t<\/div>\n\t\t\t\t\t\t<\/div>\n\t\t\t\t<\/div>\n\t\t\t\t\t\t<\/div>\n\t\t\t\t\t<\/div>\n\t\t<\/div>\n\t\t\t\t\t\t\t\t<\/div>\n\t\t\t\t\t<\/div>\n\t\t<\/section>\n\t\t\t\t<section class=\"elementor-section elementor-top-section elementor-element elementor-element-ecf6c99 elementor-section-boxed elementor-section-height-default elementor-section-height-default\" data-id=\"ecf6c99\" data-element_type=\"section\">\n\t\t\t\t\t\t<div class=\"elementor-container elementor-column-gap-default\">\n\t\t\t\t\t\t\t<div class=\"elementor-row\">\n\t\t\t\t\t<div class=\"elementor-column elementor-col-100 elementor-top-column elementor-element elementor-element-7a477e74\" data-id=\"7a477e74\" data-element_type=\"column\">\n\t\t\t<div class=\"elementor-column-wrap elementor-element-populated\">\n\t\t\t\t\t\t\t<div class=\"elementor-widget-wrap\">\n\t\t\t\t\t\t<div class=\"elementor-element elementor-element-7bb229a5 elementor-widget elementor-widget-text-editor\" data-id=\"7bb229a5\" data-element_type=\"widget\" data-widget_type=\"text-editor.default\">\n\t\t\t\t<div class=\"elementor-widget-container\">\n\t\t\t\t\t\t\t\t<div class=\"elementor-text-editor elementor-clearfix\">\n\t\t\t\t<h1 style=\"text-align: center;\">INDONESI\u00cb<\/h1>\t\t\t\t\t<\/div>\n\t\t\t\t\t\t<\/div>\n\t\t\t\t<\/div>\n\t\t\t\t\t\t<\/div>\n\t\t\t\t\t<\/div>\n\t\t<\/div>\n\t\t\t\t\t\t\t\t<\/div>\n\t\t\t\t\t<\/div>\n\t\t<\/section>\n\t\t\t\t<section class=\"elementor-section elementor-top-section elementor-element elementor-element-439c3e66 elementor-section-boxed elementor-section-height-default elementor-section-height-default\" data-id=\"439c3e66\" data-element_type=\"section\">\n\t\t\t\t\t\t<div class=\"elementor-container elementor-column-gap-wide\">\n\t\t\t\t\t\t\t<div class=\"elementor-row\">\n\t\t\t\t\t<div class=\"elementor-column elementor-col-33 elementor-top-column elementor-element elementor-element-41307fae\" data-id=\"41307fae\" data-element_type=\"column\">\n\t\t\t<div class=\"elementor-column-wrap elementor-element-populated\">\n\t\t\t\t\t\t\t<div class=\"elementor-widget-wrap\">\n\t\t\t\t\t\t<div class=\"elementor-element elementor-element-450b673 elementor-widget elementor-widget-image\" data-id=\"450b673\" data-element_type=\"widget\" data-widget_type=\"image.default\">\n\t\t\t\t<div class=\"elementor-widget-container\">\n\t\t\t\t\t\t\t\t<div class=\"elementor-image\">\n\t\t\t\t\t\t\t\t\t\t\t\t\t<a href=\"http:\/\/www.lindademeyer.be\/wordpress\/indonesie-2023\/\" target=\"_blank\">\n\t\t\t\t\t\t\t<img src=\"http:\/\/www.lindademeyer.be\/wordpress\/wp-content\/uploads\/elementor\/thumbs\/E79E34B9-852B-4FDC-954A-2E026AE02052-qcqx1l89k50iwy8vhza17lltqxzibjnuhraoleuil8.jpg\" title=\"Yogyakarta &#8211; Borobudur\" alt=\"Yogyakarta - Borobudur\" \/>\t\t\t\t\t\t\t\t<\/a>\n\t\t\t\t\t\t\t\t\t\t\t\t\t\t<\/div>\n\t\t\t\t\t\t<\/div>\n\t\t\t\t<\/div>\n\t\t\t\t<div class=\"elementor-element elementor-element-c8b40 elementor-widget elementor-widget-text-editor\" data-id=\"c8b40\" data-element_type=\"widget\" data-widget_type=\"text-editor.default\">\n\t\t\t\t<div class=\"elementor-widget-container\">\n\t\t\t\t\t\t\t\t<div class=\"elementor-text-editor elementor-clearfix\">\n\t\t\t\t<h2>Indonesi\u00eb<\/h2>\t\t\t\t\t<\/div>\n\t\t\t\t\t\t<\/div>\n\t\t\t\t<\/div>\n\t\t\t\t<div class=\"elementor-element elementor-element-284b9da1 elementor-widget elementor-widget-text-editor\" data-id=\"284b9da1\" data-element_type=\"widget\" data-widget_type=\"text-editor.default\">\n\t\t\t\t<div class=\"elementor-widget-container\">\n\t\t\t\t\t\t\t\t<div class=\"elementor-text-editor elementor-clearfix\">\n\t\t\t\t<h4>Rondreis Indonesi\u00eb<\/h4>\t\t\t\t\t<\/div>\n\t\t\t\t\t\t<\/div>\n\t\t\t\t<\/div>\n\t\t\t\t<div class=\"elementor-element elementor-element-40c427eb elementor-widget elementor-widget-text-editor\" data-id=\"40c427eb\" data-element_type=\"widget\" data-widget_type=\"text-editor.default\">\n\t\t\t\t<div class=\"elementor-widget-container\">\n\t\t\t\t\t\t\t\t<div class=\"elementor-text-editor elementor-clearfix\">\n\t\t\t\t<p>De stad heeft alles wat je je maar kunt wensen voor een geslaagd verblijf&#8230;<\/p>\t\t\t\t\t<\/div>\n\t\t\t\t\t\t<\/div>\n\t\t\t\t<\/div>\n\t\t\t\t<div class=\"elementor-element elementor-element-3baabd9a elementor-widget elementor-widget-text-editor\" data-id=\"3baabd9a\" data-element_type=\"widget\" data-widget_type=\"text-editor.default\">\n\t\t\t\t<div class=\"elementor-widget-container\">\n\t\t\t\t\t\t\t\t<div class=\"elementor-text-editor elementor-clearfix\">\n\t\t\t\t<h6><span style=\"font-size: 10pt;\">mei 2023<br \/><\/span><\/h6>\t\t\t\t\t<\/div>\n\t\t\t\t\t\t<\/div>\n\t\t\t\t<\/div>\n\t\t\t\t\t\t<\/div>\n\t\t\t\t\t<\/div>\n\t\t<\/div>\n\t\t\t\t<div class=\"elementor-column elementor-col-33 elementor-top-column elementor-element elementor-element-306e871d\" data-id=\"306e871d\" data-element_type=\"column\">\n\t\t\t<div class=\"elementor-column-wrap elementor-element-populated\">\n\t\t\t\t\t\t\t<div class=\"elementor-widget-wrap\">\n\t\t\t\t\t\t<div class=\"elementor-element elementor-element-56e318be elementor-widget elementor-widget-image\" data-id=\"56e318be\" data-element_type=\"widget\" data-widget_type=\"image.default\">\n\t\t\t\t<div class=\"elementor-widget-container\">\n\t\t\t\t\t\t\t\t<div class=\"elementor-image\">\n\t\t\t\t\t\t\t\t\t\t\t\t\t<a href=\"http:\/\/www.lindademeyer.be\/wordpress\/indonesie-algemeen\/\" target=\"_blank\">\n\t\t\t\t\t\t\t<img src=\"http:\/\/www.lindademeyer.be\/wordpress\/wp-content\/uploads\/elementor\/thumbs\/DSC_3473-qdpn9b98df6ztk0n0bdbjk38n6ncn07ataxvrzg4v0.jpg\" title=\"Bratan meer &#8211; Pura Ulun Danu\" alt=\"Bratan meer - Pura Ulun Danu\" \/>\t\t\t\t\t\t\t\t<\/a>\n\t\t\t\t\t\t\t\t\t\t\t\t\t\t<\/div>\n\t\t\t\t\t\t<\/div>\n\t\t\t\t<\/div>\n\t\t\t\t<div class=\"elementor-element elementor-element-5dbf3d3c elementor-widget elementor-widget-text-editor\" data-id=\"5dbf3d3c\" data-element_type=\"widget\" data-widget_type=\"text-editor.default\">\n\t\t\t\t<div class=\"elementor-widget-container\">\n\t\t\t\t\t\t\t\t<div class=\"elementor-text-editor elementor-clearfix\">\n\t\t\t\t<h2>Indonesi\u00eb<\/h2>\t\t\t\t\t<\/div>\n\t\t\t\t\t\t<\/div>\n\t\t\t\t<\/div>\n\t\t\t\t<div class=\"elementor-element elementor-element-570e5167 elementor-widget elementor-widget-text-editor\" data-id=\"570e5167\" data-element_type=\"widget\" data-widget_type=\"text-editor.default\">\n\t\t\t\t<div class=\"elementor-widget-container\">\n\t\t\t\t\t\t\t\t<div class=\"elementor-text-editor elementor-clearfix\">\n\t\t\t\t<h4>Indonesi\u00eb &#8211; algemeen<\/h4>\t\t\t\t\t<\/div>\n\t\t\t\t\t\t<\/div>\n\t\t\t\t<\/div>\n\t\t\t\t<div class=\"elementor-element elementor-element-416adcfc elementor-widget elementor-widget-text-editor\" data-id=\"416adcfc\" data-element_type=\"widget\" data-widget_type=\"text-editor.default\">\n\t\t\t\t<div class=\"elementor-widget-container\">\n\t\t\t\t\t\t\t\t<div class=\"elementor-text-editor elementor-clearfix\">\n\t\t\t\t\t\t\t\t\t<\/div>\n\t\t\t\t\t\t<\/div>\n\t\t\t\t<\/div>\n\t\t\t\t<div class=\"elementor-element elementor-element-6063d96a elementor-widget elementor-widget-text-editor\" data-id=\"6063d96a\" data-element_type=\"widget\" data-widget_type=\"text-editor.default\">\n\t\t\t\t<div class=\"elementor-widget-container\">\n\t\t\t\t\t\t\t\t<div class=\"elementor-text-editor elementor-clearfix\">\n\t\t\t\t\t\t\t\t\t<\/div>\n\t\t\t\t\t\t<\/div>\n\t\t\t\t<\/div>\n\t\t\t\t\t\t<\/div>\n\t\t\t\t\t<\/div>\n\t\t<\/div>\n\t\t\t\t<div class=\"elementor-column elementor-col-33 elementor-top-column elementor-element elementor-element-37f51f76\" data-id=\"37f51f76\" data-element_type=\"column\">\n\t\t\t<div class=\"elementor-column-wrap\">\n\t\t\t\t\t\t\t<div class=\"elementor-widget-wrap\">\n\t\t\t\t\t\t\t\t<\/div>\n\t\t\t\t\t<\/div>\n\t\t<\/div>\n\t\t\t\t\t\t\t\t<\/div>\n\t\t\t\t\t<\/div>\n\t\t<\/section>\n\t\t\t\t\t\t\t\t\t<\/div>\n\t\t\t<\/div>\n\t\t\t\t\t<\/div>\n\t\t","protected":false},"excerpt":{"rendered":"<p>INDONESI\u00cb Indonesi\u00eb Rondreis Indonesi\u00eb De stad heeft alles wat je je maar kunt wensen voor een geslaagd verblijf&#8230; mei 2023 Indonesi\u00eb Indonesi\u00eb &#8211; algemeen<\/p>\n","protected":false},"author":1,"featured_media":0,"parent":0,"menu_order":0,"comment_status":"closed","ping_status":"closed","template":"","meta":{"_uag_custom_page_level_css":"","_vp_format_video_url":"","_vp_image_focal_point":[]},"uagb_featured_image_src":{"full":false,"thumbnail":false,"medium":false,"medium_large":false,"large":false,"1536x1536":false,"2048x2048":false,"vp_sm":false,"vp_md":false,"vp_lg":false,"vp_xl":false,"vp_sm_popup":false,"vp_md_popup":false,"vp_xl_popup":false,"sow-carousel-default":false},"uagb_author_info":{"display_name":"lindakoen","author_link":"http:\/\/www.lindademeyer.be\/wordpress\/author\/lindakoen\/"},"uagb_comment_info":0,"uagb_excerpt":"INDONESI\u00cb Indonesi\u00eb Rondreis Indonesi\u00eb De stad heeft alles wat je je maar kunt wensen voor een geslaagd verblijf&#8230; mei 2023 Indonesi\u00eb Indonesi\u00eb &#8211; algemeen","_links":{"self":[{"href":"http:\/\/www.lindademeyer.be\/wordpress\/wp-json\/wp\/v2\/pages\/7006"}],"collection":[{"href":"http:\/\/www.lindademeyer.be\/wordpress\/wp-json\/wp\/v2\/pages"}],"about":[{"href":"http:\/\/www.lindademeyer.be\/wordpress\/wp-json\/wp\/v2\/types\/page"}],"author":[{"embeddable":true,"href":"http:\/\/www.lindademeyer.be\/wordpress\/wp-json\/wp\/v2\/users\/1"}],"replies":[{"embeddable":true,"href":"http:\/\/www.lindademeyer.be\/wordpress\/wp-json\/wp\/v2\/comments?post=7006"}],"version-history":[{"count":19,"href":"http:\/\/www.lindademeyer.be\/wordpress\/wp-json\/wp\/v2\/pages\/7006\/revisions"}],"predecessor-version":[{"id":9020,"href":"http:\/\/www.lindademeyer.be\/wordpress\/wp-json\/wp\/v2\/pages\/7006\/revisions\/9020"}],"wp:attachment":[{"href":"http:\/\/www.lindademeyer.be\/wordpress\/wp-json\/wp\/v2\/media?parent=7006"}],"curies":[{"name":"wp","href":"https:\/\/api.w.org\/{rel}","templated":true}]}}